
Let d(i) = 20*i + 140. Let n be d(-7). Suppose 11*h - 7406 + 2489 = n. List the prime factors of h.
3, 149
Let a = -656 - -1333. List the prime factors of a + -9 + 1 + 3.
2, 3, 7
Let z be (-10)/6 - 24/(-36). List the prime factors of 371/(-28)*4/z.
53
Let i(p) = 17*p**3 + 67*p**2 - 3*p + 7. Let x be i(-4). Suppose x*v - 1668 = 1707. What are the prime factors of v?
3, 5
Let c be (-56)/32*(-8)/1. Suppose -2*n - 1392 = -c*n. What are the prime factors of n?
2, 29
Let l(h) = 2*h**2 + 41*h + 104. Suppose 55 = -2*g - 5*m, -14*g - 99 = -10*g - m. List the prime factors of l(g).
7, 47
Let y be (-9)/(-12) - (-930)/8. Let x be (4/6*6 + -3)*0. Suppose x = 3*w + 4*v + v - y, -4*v + 208 = 5*w. List the prime factors of w.
2, 11
Suppose -142*j + 115*j + 317826 = 8055. What are the prime factors of j?
7, 11, 149
Suppose -3*a = 3*r - 40320, r - 5536 = -5*a + 7912. List the prime factors of r.
2, 6719
What are the prime factors of 1298170/215 - ((-2)/(-8) - 9/(-12))?
6037
Suppose z + 3780 = q, z + 9428 = 3*q - 1902. List the prime factors of q.
5, 151
Suppose -2009 - 1239 = -8*d. Let x = d - 252. What are the prime factors of x?
2, 7, 11
Suppose -15*n + 59*n + 33*n - 5126968 = 0. What are the prime factors of n?
2, 7, 29, 41
Let p(y) = 50*y**2 - 5*y - 6. Let g be p(-3). Let z = 949 - g. List the prime factors of z.
2, 5, 7
Let f be (1 - 8)*((-4)/(-28) + -3). Suppose -f*y - 316 + 5376 = 0. What are the prime factors of y?
11, 23
Let p(i) = 2*i**2 + 11*i + 3. Let q(b) = b**3 + 8*b**2 - 8*b + 15. Let y(o) = 3*o + 36. Let k be y(-15). Let m be q(k). What are the prime factors of p(m)?
3, 47
Let c be 96/8*1/6. What are the prime factors of 16898/(-17)*(-1)/c?
7, 71
Suppose -6*w - 678 = 192. Let n = -92 - w. What are the prime factors of n?
53
Suppose 0*k + 19*k + 3*s - 292568 = 0, 3*k = 3*s + 46188. What are the prime factors of k?
2, 7699
Let w(s) = s**3 + 8*s**2 + 7*s + 74. List the prime factors of w(0).
2, 37
Suppose -b - 534 = 5*b. Let y = 303 + b. What are the prime factors of y?
2, 107
Let m(o) = -o**2 - 121*o - 1191. What are the prime factors of m(-96)?
3, 13, 31
Let d(x) = -261*x**3 + 2*x**2 + 15*x + 6. Let a(y) = -130*y**3 + y**2 + 7*y + 2. Let r(v) = -7*a(v) + 3*d(v). List the prime factors of r(1).
2, 3, 7
Suppose i + 4*i = -3*a + 238, 3*i - 4*a = 166. Let y(j) = -j**2 + 7. Let f be y(6). Let s = f + i. What are the prime factors of s?
3, 7
Suppose -15*y + 1562865 = 59*y + 19*y. What are the prime factors of y?
5, 3361
Let f(y) = -57*y + 22. Let o be f(-12). Let z = o + -439. List the prime factors of z.
3, 89
Suppose -5*r = 2*g - 0*r - 2866, -4 = 2*r. Suppose 5*b = 3*l + g, 3*b - 6*l = -l + 866. List the prime factors of b.
7, 41
List the prime factors of 2*21/(-12)*-8856 + -4.
2, 13, 149
Let p(h) be the first derivative of 4*h**3 - 3*h**2/2 - 3*h + 30. Let n be p(-1). Suppose -1000 = -n*b + 7*b. List the prime factors of b.
2, 5
Let y be 166 - -1 - (2 + (2 - 4)). Suppose 488 - 53 = -3*i. Let x = i + y. What are the prime factors of x?
2, 11
Let r(k) = -46*k + 7. Let b be (-5 - -1) + 27/(-18)*2. List the prime factors of r(b).
7, 47
Let o = 4634 + -2457. Let x = -977 + o. What are the prime factors of x?
2, 3, 5
Suppose -7*f = 708 + 1686. Let x = 798 + f. List the prime factors of x.
2, 3, 19
Suppose 3*m + 4*s - 22 = 0, s = -m + 8 + 1. Suppose -40*d = -m*d - 10816. What are the prime factors of d?
2, 13
Suppose -4*o = -5*n - 4, 5*o + 12 = 17. List the prime factors of n + -3 + 6 + 509.
2
What are the prime factors of 3/33 + 23862708/594?
3, 7, 1913
Let l be ((-1)/1 + 2/(-8))*-4. Suppose l*z - 41 = -46, 4*x = 4*z + 3144. List the prime factors of x.
5, 157
Suppose -4*t - 30 = -19*t. Let n(c) = 65*c**2 - c + 7. List the prime factors of n(t).
5, 53
Let y(g) = -2*g**2 + 20*g + 34. Let a(k) = 3*k**2 - 30*k - 50. Let d(h) = 5*a(h) + 7*y(h). What are the prime factors of d(13)?
3
Suppose -267793 = 7*b - 1016. List the prime factors of 2/7 - b/161.
3, 79
Suppose a = -4*u + 7, -8*a + 32 = -12*a - u. Let z(d) = -d**3 + 8*d**2 - 17*d - 10. List the prime factors of z(a).
2, 5, 19
Let w(y) = 139*y + 601. List the prime factors of w(36).
5, 19, 59
Let p be 502*5/10*5. Let i = p - 267. What are the prime factors of i?
2, 13, 19
Suppose -162 + 6025 = u + 3*f, 29410 = 5*u - 4*f. What are the prime factors of u?
2, 2939
Suppose 0 = 43*m + 68*m - 6468303. List the prime factors of m.
19, 3067
Suppose -217 = 4*j - 5*t - 196, -2*j - 5*t = 33. Let s(y) = y**2 + 6*y - 1. Let z be s(-5). What are the prime factors of (-4)/z - 210/j?
2, 3
Let h(o) be the second derivative of 355*o**4/12 + o**3/3 - 9*o**2/2 - 2*o - 29. What are the prime factors of h(-2)?
3, 7, 67
Suppose -6*r - 18 = 0, 0 = -19*n + 14*n - 5*r + 59430. List the prime factors of n.
3, 1321
Let q(d) = -d**2 + 18*d - 15. Let w be q(17). Suppose -w*o - 18 - 18 = -a, 74 = 2*a - 3*o. List the prime factors of 1*a - (-4 - 0).
2, 11
Let a be (-4)/2 + (-4 - -1386 - 6). Let z = 2559 - a. List the prime factors of z.
3, 5, 79
Suppose v = -28*n + 32*n + 8333, -4*n - 16670 = -2*v. What are the prime factors of v?
3, 7, 397
Suppose 104*d - 5984985 = -118*d + 31*d. List the prime factors of d.
3, 5, 2089
What are the prime factors of -22 - (-72 - -16)*195?
2, 5449
Suppose -2*z - 3*m + 19667 = -5426, 0 = 2*z - 3*m - 25111. What are the prime factors of z?
7, 11, 163
Let i(g) = 7717*g - 1714. List the prime factors of i(4).
2, 3, 43, 113
Let o = -80 - -80. Suppose v - r = -2*v + 2515, o = -4*v - 2*r + 3360. List the prime factors of v.
839
List the prime factors of -11015*(-2)/(-3)*(-6327)/570.
37, 2203
Let r(f) = f**2 - 11*f + 20. Let h be r(14). Let z = -60 + h. Suppose 3*x = -3, -2*u + 317 = -x - z*x. List the prime factors of u.
157
Let g(l) = 3*l + 26. Let u be g(-8). Let m(a) = -3 + 3*a**2 - u*a**2 + 1 + 1286*a - 1287*a. What are the prime factors of m(-13)?
2, 3, 5
Let u(c) = -1222*c - 3925. List the prime factors of u(-5).
5, 19, 23
Suppose 4*p = p - 3. Suppose -5*k = y - 21, -47 + 22 = -5*y - 5*k. List the prime factors of (p - 0) + -4 + 230*y.
3, 5
Suppose 61*l + 226311 = -307146 + 2644850. What are the prime factors of l?
34613
Let g(i) = -i - 2. Let c be (1/2 + 0)*(8 + -18). Let y be g(c). Suppose -4*d - 3*j + 441 = -4*j, -4*j - 334 = -y*d. What are the prime factors of d?
2, 5, 11
Let z be 1 + (-12)/16*-4. Let r be 1 - (11 - z)*8. What are the prime factors of (0 - 0)/(-1) - r?
5, 11
Let m(k) be the first derivative of 7*k**3/3 + k**2 + 6*k - 43. Let a be m(-6). Suppose 5*o - 127 = -2*b + a, 0 = b - 5*o - 224. List the prime factors of b.
199
Let j = -1020 - -1722. List the prime factors of j + (-2)/1*-1 - -4.
2, 3, 59
Let h be 660/96 + 2/16. List the prime factors of (-11 + h)/((-5)/(115/2)).
2, 23
List the prime factors of 1934310/(-1525)*(1 - 21).
2, 3, 7, 151
Suppose -14*f + 5*f - 41904 = 0. Let u be f/(-21) - (0 - 4/14). Suppose -k + u = 3*l - 2*k, -l = k - 70. What are the prime factors of l?
73
Let t(z) = 105*z**2 + 61*z + 189. List the prime factors of t(-14).
5, 7, 569
Suppose -3*c = 3*a + 3, -4*a + 5*c - 7 = 15. What are the prime factors of (502 - (-4)/3*a) + 0?
2, 3, 83
Let g be 2/(-6) - (3 + (-18733)/(-33)). Let p = -119 - g. What are the prime factors of p?
2, 113
Suppose 3*x - 3*o + 296 = 5*x, -441 = -3*x - 3*o. Let p be 334/(-4) - 2/4. Let y = p + x. List the prime factors of y.
61
Let w be (-12)/66 + (-35)/(-11). Suppose -5*m = -w*m - 8. Suppose t + 234 = 5*a, 0 = m*a - t - t - 192. What are the prime factors of a?
2, 23
Let m(k) = 9*k**2 - 6*k - 86. Let o = -347 - -339. List the prime factors of m(o).
2, 269
Suppose -3*k - 52*k + 215500 = -5*k. List the prime factors of k.
2, 5, 431
Let m(c) = c**2 + 9*c + 6. Let w be m(-10). Let o be (w/(-3))/(-8)*21/2. Suppose -o*z + 256 = -514. What are the prime factors of z?
2, 5, 11
Suppose 0 = 20*z + 3007 + 1073. Let j = -67 + -340. Let y = z - j. List the prime factors of y.
7, 29
Let n(d) = -39*d - 7. Let m be n(-3). Suppose m - 458 = -4*w. Suppose -5*s + 398 = -w. List the prime factors of s.
97
List the prime factors of 14/(70/24555) + -2.
4909
Suppose 0 = 2*s + w + 33, 0*w - 37 = 3*s - w. Let k = s + 5. What are the prime factors of k/12 + (-1)/4 - -68?
67
Let l(x) = -x**3 - 178*x**2 + 950*x - 30. List the prime factors of l(-184).
2, 14153
Su